*m**3 + 4*m**2 - m - 2. Let u(x) = d*v(x) + 2*r(x). Give u(-1).
-5
Suppose 0*o + 2 = o. Let s(t) = -o*t - 5 + 3 - 6. Let h be -4 - -4 - (-18)/(-3). Give s(h).
4
Let r(b) = b - 2. Let v = 0 + 2. Suppose -o - v = -u, -u + 5*o + 10 = u. Suppose u = 3*d + 3*h + 40 - 16, 3*d + 19 = -2*h. Calculate r(d).
-5
Let n(f) = -2*f + 0*f - 16 + 17. Let q = -4 - -3. What is n(q)?
3
Let f = -9 + 6. Let p(y) be the second derivative of -y**3/6 + 2*y**2 + 10*y - 2. Give p(f).
7
Suppose -2*n + 6 = -2. Let f(i) = 2*i**3 + i + n*i**2 + i + 27 - 27. Suppose -2*q = -r - 8, -r + 0*r + q = 5. Calculate f(r).
-4
Let r(x) = -x**3 - 5*x**2 - x. Let s(g) be the second derivative of g**5/20 + g**4/12 + g**2 + g. Let q be s(0). Suppose 3*l = -q*l - 25. Give r(l).
5
Let s(u) = -2*u + 10. Let h be s(8). Let m(z) = -z**3 - 6*z**2 + 8. Calculate m(h).
8
Let h(f) be the first derivative of f**2/2 - 6*f + 4. Suppose 5*u - 2 = 28. Give h(u).
0
Let v(r) = r - 2. Let t(w) = -w + 2. Let x(u) = 2*t(u) + 3*v(u). Let b be x(1). Let s(d) = -d. Calculate s(b).
1
Let z(s) = -1 + 4 - 3 + 3*s. Suppose -n = 4*n + 5. Determine z(n).
-3
Let f(r) be the second derivative of -r**3/3 - 3*r**2/2 + 9*r. Determine f(-6).
9
Suppose 9 = -5*q + 2*q. Let k(g) = g**2 + 2*g + 2. What is k(q)?
5
Let a(t) = 2*t**3 + 8*t**2 + 2*t + 7. Let q(h) = -5*h**3 - 23*h**2 - 5*h - 20. Let o(v) = -8*a(v) - 3*q(v). What is o(4)?
16
Let a(i) = i**3 - 6. Let n(m) = -2*m**2 + 14*m + 16. Let h be n(8). Calculate a(h).
-6
Let r be 5*(0 - 24/(-20)). Let a(x) = x**2 - 7*x + 6. What is a(r)?
0
Let x(i) = 2*i + 9. Suppose 0 = -5*f, m + 5*f = -1 - 5. Give x(m).
-3
Suppose -q - 3 = -0*q. Let y = q - -7. Let j(t) = t**2 - y*t - 3 - 5 + 1 + 3. Give j(5).
1
Let w = 3 - 1. Suppose -3*h + 2 = -2*h. Let g(i) = -h - 2*i - i + 5*i. Give g(w).
2
Let k(i) = -i**2 + 5*i**2 + 8*i - 3*i**2 - 5 - 2*i**2. Determine k(5).
10
Let d(b) = -b + 14. Let s be d(12). Let n(j) = 3 + 0*j**2 - 4*j + j**s - 1. Suppose -2*h - h = -9. Determine n(h).
-1
Let l(h) = -h + 1. Suppose y + 48 = -3. Let j be 4/(-24) - y/(-18). Give l(j).
4
Suppose -3 + 13 = 5*u. Let h(s) = -4 - 5 + 8 + 8*s**u. Suppose 2*r + r = -3. Determine h(r).
7
Let h = -53 + 50. Let x(j) = j**2 + 3*j - 2. Give x(h).
-2
Let f(o) = -2*o - 5. Let t be (-5 - -3)/(2/(-7)). Let a be t*(-3)/(-6)*-2. Let j(l) = 2*l + 5. Let h(r) = a*f(r) - 6*j(r). Calculate h(-5).
-5
Let w(k) = 4*k**3 + 5*k**2 + 5*k - 1. Let j(d) = -3*d**3 - 5*d**2 - 4*d + 1. Let f(u) = 3*j(u) + 2*w(u). Calculate f(-5).
11
Let p be 1*-2*6/(-4). Let g(x) be the first derivative of -x**4/4 + x**3 + x**2 - 4*x - 22. Give g(p).
2
Let a = -36 + 43. Let c(m) = m**2 - 9*m + 9. What is c(a)?
-5
Let r(v) = v**2 + v - 1. Let z(s) = s**2 - 5*s + 6. Let p be z(4). Suppose -p*a = -a - 5. Let x = a + -3. Determine r(x).
5
Let q(c) = 2*c + 4. Suppose o - 6 = 3*o. Calculate q(o).
-2
Let s(d) = -3*d**3 + 10 - 1 - d**3 + 11*d + 5*d**3 + 10*d**2. What is s(-9)?
-9
Let w(n) = 3*n**2 + 8*n - 3*n**2 - 3*n + n**2 - 1. Calculate w(-5).
-1
Let u(g) = -g - 4*g**2 + 2*g**3 + 4 - 3*g**3 + 2*g**3. Suppose 4*p - 16 = -4*b + b, 2*p - 8 = b. Let w be u(p). Let x(q) = -q**2 + q + 4. Give x(w).
4
Let s(z) = z**3 - 2*z**2 - 6. Let g be s(3). Let x(p) = -2*p**2 + 2*p - 4. What is x(g)?
-16
Let u(b) be the second derivative of b**3/6 - b**2 - 3*b. Determine u(4).
2
Let k = 7 - 5. Let b = k - 0. Suppose -b*z = -3*v - 12, -19 = -3*z - 2*z + 2*v. Let c(i) = 2*i**2 - 3*i - 1. Give c(z).
8
Let q(w) = -2 - 3*w + w - 3*w - 2*w - w**2. Calculate q(-5).
8
Suppose 2 + 2 = t. Let o(r) = 3*r - 2 + t*r**2 - 3*r**2 - 4*r. Let p(s) = -s**2 + 6*s + 3. Let a be p(6). What is o(a)?
4
Let d = -6/59 - -89/295. Let o(c) be the second derivative of 0 - 2*c - 1/2*c**2 - d*c**5 - 1/12*c**4 - 1/6*c**3. What is o(-1)?
3
Let c(h) = -21*h**2 + 47*h**2 - 6*h - 3 - 25*h**2. Determine c(6).
-3
Let q(b) = -6*b**2 - b + 1. Let o(z) = z**3 - 5*z**2 - 6*z + 2. Let j be o(6). Suppose -2 = -6*w + 8*w. Let u = j + w. Calculate q(u).
-6
Let p(f) = f**3 - 5*f**2 + 5*f - 4. Suppose -5 = -2*o - 1. Suppose 3*a + 2*a = 5*w, -4*w = -o*a - 10. Suppose -a*i - 5*h = -40, 2*i + h - 13 = -2. What is p(i)?
-7
Let m(a) = -6*a**2 - 3*a + 4. Let q(y) = 5*y**2 + 2*y - 3. Let c(n) = 3*m(n) + 4*q(n). Determine c(2).
6
Suppose 3*b - b = 12. Let n = 3 - b. Let f(r) = 0*r + 4 - 4*r - 3*r + 6*r. Determine f(n).
7
Suppose 4*t - 14 = 5*b, -2*b + 34 = 5*t - 0*b. Let q(l) be the third derivative of -l**6/120 + l**5/12 + 7*l**4/24 - l**3/3 + l**2. Give q(t).
4
Let z(p) = p**2 - 5*p - 5. Let n be (4/(-3))/((-42)/189). Give z(n).
1
Let j(d) = 2 - 4 - 234*d**2 + 237*d**2. Give j(2).
10
Let v(t) = -9*t**2 + 10 + 26*t**2 - 18*t**2 - 9*t. Determine v(-10).
0
Let k(s) be the second derivative of -s**5/20 + s**4/6 + 2*s**3/3 - 2*s**2 - s. Let d be (-1)/(1 + 0/(-1)). Let m be d/(-2 + 5/3). What is k(m)?
-1
Let n(t) = t - 1. Let r(i) = -2*i**2 + 2*i - 5. Let f(g) = -3*n(g) + r(g). Suppose -7 = -4*y + k + 4, -5*y - 4*k = 2. Give f(y).
-12
Let l(x) = -10*x - 22. Suppose -p = p + 24. Let k(a) = -4*a - 9. Let s(v) = p*k(v) + 5*l(v). What is s(-4)?
6
Suppose -b = -2*h + 1 + 1, 0 = 3*h + 5*b - 3. Let f(l) = -6*l**2 + 1. Calculate f(h).
-5
Let p(a) = a**3 + 5*a**2 - 3. Suppose 3*b = -5*d - 2, 2*d = 5*d + 12. Let k = 2 - b. What is p(k)?
13
Let v(c) = -c**2 - c - 1. Let u be (-7)/1 - (4 - 8). Determine v(u).
-7
Let f(h) be the second derivative of -h**6/720 - h**5/24 + 7*h**4/12 - 5*h. Let r(l) be the third derivative of f(l). Calculate r(-5).
0
Suppose 5*y = -0*y + 5. Let v(o) = 7*o + 1. Give v(y).
8
Let u(p) = 5*p**3 - 18*p**2 - 16*p + 8. Let b(n) = 6*n**3 - 19*n**2 - 17*n + 7. Let l(c) = 6*b(c) - 7*u(c). What is l(-11)?
-3
Suppose 4*k - 28 = 4*f, 2*k = -2*f - k + 11. Let y(n) be the first derivative of -n**3/3 - n**2/2 + n + 1. What is y(f)?
-1
Let w(c) = -9*c - 7. Let m(h) = -4*h - 3. Let b(f) = -5*m(f) + 2*w(f). Let o(l) = -l - 3. Let j be o(-2). Determine b(j).
-1
Suppose 6 = 5*o - 9. Let n(h) = -3*h**2 - 3*h**2 + 5*h**2 - h. Let a(g) = g**3 - 7*g**2 - 7*g + 2. Let f(c) = a(c) - 4*n(c). Give f(o).
-7
Let s(g) be the first derivative of -g**2/2 + 4*g - 36. Give s(4).
0
Suppose 2*x = 5*x + 21. Let w = x + 10. Let y(j) = -j**2 + 2*j + 3. Give y(w).
0
Let b(w) = 2*w + 1. Let x(z) be the second derivative of z**3/6 - 3*z**2/2 - 2*z. Let s be x(5). Suppose 0 = l - s + 1. What is b(l)?
3
Let x = -96 - -93. Let n(j) be the second derivative of j**4/12 - j**3/6 - 3*j**2/2 - 2*j. Give n(x).
9
Let r(s) = -s**2 + 5*s - 1. Let u(w) = 3*w**2. Let v be u(0). Let p(d) = d - 2. Let l be p(5). Let m = v + l. Determine r(m).
5
Let g(n) = n + 2 + 4*n**2 + 3*n + 3*n**3 + n**2 - 2*n**2. Calculate g(-2).
-18
Let m(g) = -g**3 - 2*g**2 + 6*g + 2. Let y(p) = -p**3 - 7*p**2 - 8*p - 9. Let f be y(-6). Suppose 4*q + 4 = f*s, -5*q - 28 = 2*s - 0*s. What is m(q)?
10
Let p = 6 + -4. Let d be p + -1 + 1/1. Suppose -d*u - 2 = -x, -3 = 3*u + 6. Let r(q) = -q - 5. Give r(x).
-1
Let a(v) = 7*v**3 - 8*v**2 + v + 3. Let j(w) = -4*w**3 + 4*w**2 - w - 2. Let d(k) = 3*a(k) + 5*j(k). What is d(3)?
-16
Let q be 0/(-1) - 5 - -1. Let k(x) = -x**3 - 6*x**2 - 2*x - 2. Let p(s) = s**3 + 6*s**2 + s + 1. Let g(v) = q*p(v) - 5*k(v). Determine g(-5).
1
Let t(i) = 2*i - 1. Let o be (44/(-8))/(1/(-2)). Let z = o + -9. Suppose -z*m + 0*m - 2*s = 6, 2*s + 3 = m. Determine t(m).
-3
Let z be 1/3 - 42/(-9). Suppose u - 14 = 2*p, -5*u + 53 = -z*p + 8. Let i(q) = q**3 - 5*q**2 + 3*q + 2. Give i(u).
-2
Let b be 3/(4/(-4)*-1). Let f(d) = -2*d**2 - 3*d + 4*d**3 - d**3 + 6 - 3 - 2*d**b. Suppose 5*t = 6 + 9. Determine f(t).
3
Let f(p) = -p - 1 - 32*p**2 + 23*p**2 + 8*p**2. What is f(3)?
-13
Suppose 3*p = -8 + 2. Let q be 15/9 + p/(-6). Let m be q/9 + 68/18. Let x(c) = c - 2. Determine x(m).
2
Let k(w) = -2 - 7*w + 6*w + 1 + 9. Suppose 2*z - 15 = -3*z. Let m(x) = -2*x + 9. Let u(r) = z*k(r) - 2*m(r). What is u(-4)?
2
Let s(f) = 2 - 3 + 4*f - 4*f - 7*f**2. What is s(-1)?
-8
Let u(p) = 6*p**2 + 3*p + 4. Let m(s) = -6*s**2 - 2*s - 3. Let b(h) = 3*m(h) + 2*u(h). Give b(-1).
-7
Let y(p) = 4*p**2 - p + 3. Let o be y(1). Let k(n) = -n**2 + 5*n - 9. Calculate k(o).
-15
Let b(y) be the third derivative of y**8/20160 + y**7/5040 - y**6/180 - y**5/30 + y**2. Let p(n) be the third derivative of b(n). Calculate p(-3).
2
Let 